 - 3*l + 16 = 0. Let j = l + u. What is the tens digit of j?
1
Let k = 39 + 5. What is the tens digit of k?
4
Suppose 10 = 5*k - 0. Suppose -2*p = 5*b, -k*p - 3*p + 5*b = -70. What is the units digit of (-99)/(-15) + 4/p?
7
Let n be (-2)/((24/(-21))/4). Let j = 10 - n. What is the units digit of j?
3
Let w = 3 - 5. Let u = -14 - w. What is the units digit of u/3*(-1)/4?
1
Suppose y = -0*y. Let a = -1 - -2. Suppose -z - a + 5 = y. What is the units digit of z?
4
Suppose w - 3 = -1, 0 = 4*c + 3*w - 10. Let p(n) = n**2 + 2*n - 1. Let u be p(c). Suppose -3*y + 7 = g, 6*g - 3*g - u*y = 10. What is the units digit of g?
4
Let s(i) = i**2 - 1 + 0*i**2 - 2*i - 2*i**2 - 2*i**3. Let j be s(-1). Suppose -j*k = k - 3. What is the units digit of k?
1
Suppose 0 = 5*h, 4*t - t = 3*h + 6. Suppose t*j = 6 + 14. Let y = 3 + j. What is the tens digit of y?
1
Let i be (-2)/(-8) - 4/16. Suppose 40 = 4*a - i*a. What is the tens digit of a?
1
Let o(a) = -6 + 1 + 0 - 4*a. What is the units digit of o(-4)?
1
Suppose -80 = -0*w + 4*w. What is the units digit of 12/10*w/(-8)?
3
Suppose -4*p + 11 + 9 = 0. Suppose 6*k - 5*k = -5*n, -p*k = 0. Let c(x) = x + 13. What is the tens digit of c(n)?
1
Let z(t) = t - 4. Let h be z(4). Suppose -30 = -h*i - 5*i. Suppose -a = -g + i, -6*g + 3*g - 4*a = -32. What is the units digit of g?
8
Suppose -5*s + 6*s = 5. Let j = -2 + 5. Suppose h + c - 3 = 6, -j*c + 51 = s*h. What is the units digit of h?
2
Let t be (0 + 28)/(-2) - 1. Suppose 0 = -0*a - a + 33. Let b = a + t. What is the units digit of b?
8
Let z(a) = -a**2 - 15*a - 15. What is the units digit of z(-7)?
1
Let x be 500/18 - 4/(-18). Suppose -x*c + 24 = -27*c. What is the tens digit of c?
2
Let i(p) be the second derivative of 0*p**4 + 0*p**2 + 0 + p - 1/6*p**3 - 1/10*p**5. What is the units digit of i(-1)?
3
Let h(y) = -y - 2. Let r be h(-2). Let o be (22/(-4) + r)*-2. Suppose -2*s + 7 = -o. What is the units digit of s?
9
Suppose 0 = -a + 5*a - 32. Let k be 22/a - (-12)/(-16). Let n(z) = z**3 - 3*z**2 + 4*z - 3. What is the units digit of n(k)?
1
Let q = 7 + 14. What is the units digit of q?
1
Let w(n) = n**3 - 4*n**2 + 2*n - 4. Let d be w(4). Suppose 0 = d*c - 37 - 43. Suppose q - 32 = -3*q - 4*o, q - c = -4*o. What is the units digit of q?
4
Suppose -2*q + 50 = 2*s, -2*s - 101 = -7*s + q. What is the tens digit of s?
2
Suppose 287 + 523 = 5*v. Suppose v = 6*s - 0*s. What is the units digit of s?
7
Let v(k) = k**2 - 4*k - 1. Let x be v(-5). Let w = 74 - x. What is the tens digit of w?
3
Suppose -49 = -c + n, -3*c + 6*n + 146 = 2*n. What is the tens digit of c?
5
Let g(f) = -7*f**2 + 2*f - 1. Let k be g(1). Let a be (k/(-4))/((-3)/(-6)). What is the units digit of a/(-6)*(-10 - 0)?
5
Let s = 11 + 7. Suppose -n = -5*l + 14, -5*l + s - 5 = -2*n. Suppose n = -5*d + 6. What is the units digit of d?
1
Let m(y) = -5*y**3 + y**2 - 2*y - 2. What is the tens digit of m(-2)?
4
Let j be (-24)/(-14)*(-322)/4. What is the units digit of ((-6)/(-18))/((-2)/j)?
3
Suppose -3*t - 5*o = -0*o - 2, 5*t - 14 = -3*o. Suppose -38 + 2 = -3*y. Suppose 7*p = t*p + y. What is the units digit of p?
4
Let p = -3 - -5. Suppose -9 + 1 = -p*s. What is the units digit of s?
4
Suppose 3*m = i - 50, -4*i + 2*m + 335 - 95 = 0. What is the units digit of i?
2
Let b = 0 + 4. Suppose 7*f = b*f + 72. Suppose -4*s + 5*m = m - f, 0 = -m + 5. What is the tens digit of s?
1
Let c = -10 - -16. Let f be (-4)/c - 244/(-6). Suppose 2*z = -z - 4*o + f, -47 = -4*z + o. What is the units digit of z?
2
Let f = 296 + -140. What is the tens digit of f?
5
Suppose 0 = -4*j + 49 - 9. Let q(c) = -c + 8. Let r be q(j). Let p = 15 + r. What is the tens digit of p?
1
Let i(l) = 1. Let q(p) = 7*p - 8. Let b(f) = 3*f - 4. Let m(a) = 5*b(a) - 2*q(a). Let k(z) = -6*i(z) - m(z). What is the units digit of k(-5)?
3
Suppose -3*i + 12*i - 2160 = 0. What is the hundreds digit of i?
2
Suppose 3*k - 19 + 4 = 0. Suppose k*w + s - 111 = -s, -4*w - 4*s + 84 = 0. What is the tens digit of w?
2
Suppose -2*x - 141 = -6*x + i, -3*x - 4*i = -120. What is the units digit of x?
6
Suppose 0 = 2*m - 3*m + 13. Suppose k - m = -r, 2*r - 4*k = 3*r - 22. What is the tens digit of r?
1
Let r(l) = -l**3 + 3*l**2 + 12*l + 2. Let b be r(5). Suppose -7*h + b*h = 285. What is the tens digit of h?
5
Suppose 0 = -3*f + 4*f - d - 6, 4*d = -8. Suppose v - f*n = -v + 36, 0 = 4*v + 5*n - 7. What is the units digit of v?
8
Let p(t) = t**3 + 15*t**2 + 29*t + 17. What is the hundreds digit of p(-12)?
1
Suppose 2*f + 2268 = 14*f. What is the hundreds digit of f?
1
Suppose 2*g = g + 30. Let f be g/8 - 9/(-36). Suppose -5*h = -3*d + 4*d - 17, f*d + 4 = 4*h. What is the units digit of h?
3
What is the tens digit of 1/(3 + 15/(-6)) - -93?
9
Let h(b) = 2*b**3 + 8*b**2 + 7*b + 4. Let z be h(-5). Let f = z - -180. What is the units digit of ((-10)/6)/((-11)/f)?
5
Let i = 444 + -249. What is the hundreds digit of i?
1
Let c be 8/(-28) - 16/(-7). Suppose -c*l - l = 0. Let f(t) = -t**3 - t**2 + 9. What is the units digit of f(l)?
9
Suppose -u + 10 = u. Suppose -2*l + 19 = -5*a, -4*l + 8*a + 23 = 3*a. Let z = l + u. What is the units digit of z?
7
Let z be ((-1288)/(-35))/(2/(-10)). What is the units digit of 18/30 - z/10?
9
Suppose -b - 2*q = -400, 0 = 2*q - q. What is the units digit of b?
0
Let y(c) = -24*c + 5. What is the tens digit of y(-1)?
2
Let m = 4 + -3. Suppose -3*x - 18 = -3, 26 = 3*v - 4*x. Suppose -5 = -v*a - m. What is the units digit of a?
2
Let n be -1*2/(4/(-10)). Let c = n - -1. Let k = -5 + c. What is the units digit of k?
1
Suppose -170 = -2*c - 3*c. What is the units digit of c?
4
Let f = -9 - -8. Let v = f - -3. What is the units digit of v?
2
Let y(f) = f**3 + 3*f**2 - f. Let z be y(-3). Suppose 35 + 58 = z*s. What is the tens digit of s?
3
Let t(k) = -k - 6. Let m be t(-8). Suppose -u - 3*g = -4, 0 = 3*u + m*g - 1 + 3. Let x = u - -5. What is the units digit of x?
3
Let r(b) be the first derivative of b**4/4 - 5*b**3/3 - 3*b**2 + 8*b + 3. What is the units digit of r(6)?
8
Suppose 0 = 5*l + 2*d - 17, -4*l + 0*d + 16 = d. Suppose -30 = -l*x + 10. What is the units digit of x?
8
Suppose -7*w = -6*w - 33. What is the units digit of w?
3
Let c = -5 - -17. Let i(g) = g + g + g - c. What is the tens digit of i(8)?
1
Let x = 30 + -12. What is the units digit of x?
8
Let z = -5 + 9. Let t be 2/(-5) - (-6)/15. Let a = z + t. What is the units digit of a?
4
Let x = 164 - 68. What is the tens digit of x?
9
Suppose 0*r - 15 = -3*r. Let j(l) = 2*l - 5. Let n be j(r). Suppose -2*t = -3*z - t + 10, 0 = -2*z - n*t + 18. What is the units digit of z?
4
Suppose -w - 3*w = -u - 151, -5*w - 3*u = -176. What is the units digit of w?
7
Let q = 22 + -22. Let m(l) = l**3 - l**2 - l + 54. What is the tens digit of m(q)?
5
Let j(n) = -2*n + 2. Suppose -12 = -3*t - 0*t. Suppose 5*v = -11 - t. What is the units digit of j(v)?
8
Suppose -11*b + 3511 = 673. What is the hundreds digit of b?
2
Let f be ((-15)/(-12))/(2/8). Suppose 2*h = i - 4*i - 15, -2*h - 3 = -i. Let x = f + i. What is the units digit of x?
2
Suppose -5*k - w - 3*w + 23 = 0, 0 = -5*k - w + 17. Suppose 0 = -4*b - 3*n + 26, -b - k*n = -2*n - 6. What is the units digit of b?
8
Let c(m) = 5*m + 3*m - 12 - 5*m + 0. Let x(z) = -8*z**3 + z**2 + 2*z + 1. Let l be x(-1). What is the units digit of c(l)?
2
Let b(j) = -3*j**2 + j**2 - 7*j + 3 + 3*j**2. Let u be b(7). Suppose -2*g - 5*i - u + 48 = 0, -54 = -4*g + 2*i. What is the tens digit of g?
1
What is the hundreds digit of 174 + -3 + (-16)/(-4)?
1
Let h(b) = b + 4. Let w be (-1 - -4)/(3 + -2). What is the units digit of h(w)?
7
Let f(k) = -k - 6. Let v be f(-6). Suppose 2*d - 9 = -2*z - 3, v = -z + 2*d. Let b(g) = 4*g. What is the units digit of b(z)?
8
Let f(l) = -3*l**3 + 1 - 2*l**3 - 2*l**2 + 0*l**2. Let z be f(-1). Suppose -g = -s + z, -s = g - 3*g - 3. What is the units digit of s?
5
Suppose 0 = -11*t + t + 900. What is the tens digit of t?
9
Suppose -4*y = 3*g - 57, 0 = y - g + 2*g - 13. What is the units digit of y?
8
Let k = 116 - 63. What is the tens digit of k?
5
Let p = 114 - 15. What is the units digit of p?
9
Suppose -3 = -d - 3*p, -3*d - 3*p = 2*p - 13. Suppose 0*x = x + d. Let w(s) = -s - 1. What is the units digit of w(x)?
5
Let k = 14 + 14. What is the tens dig